62524533?
3
What is the ten thousands digit of 772795113?
9
What is the millions digit of 530767552?
0
What is the millions digit of 282190489?
2
What is the hundred thousands digit of 59463828?
4
What is the ten thousands digit of 394824593?
2
What is the units digit of 78368771?
1
What is the ten thousands digit of 1221655876?
5
What is the millions digit of 4397804017?
7
What is the millions digit of 283207681?
3
What is the tens digit of 56632817?
1
What is the hundred thousands digit of 79230179?
2
What is the hundreds digit of 266644455?
4
What is the hundreds digit of 611157708?
7
What is the thousands digit of 381896400?
6
What is the ten thousands digit of 2889215576?
1
What is the thousands digit of 483232841?
2
What is the hundred millions digit of 807666637?
8
What is the tens digit of 282805213?
1
What is the ten millions digit of 87583062?
8
What is the tens digit of 89052247?
4
What is the ten millions digit of 760583421?
6
What is the hundred millions digit of 200680274?
2
What is the tens digit of 68943163?
6
What is the hundreds digit of 1967684336?
3
What is the ten thousands digit of 428181168?
8
What is the hundred thousands digit of 622858477?
8
What is the millions digit of 355820030?
5
What is the hundreds digit of 7610963365?
3
What is the hundred millions digit of 277763192?
2
What is the hundreds digit of 105670761?
7
What is the hundreds digit of 442758411?
4
What is the hundred millions digit of 782600830?
7
What is the hundreds digit of 15829122?
1
What is the hundred millions digit of 798646151?
7
What is the hundred millions digit of 142409040?
1
What is the hundreds digit of 160808392?
3
What is the ten thousands digit of 23076338?
7
What is the millions digit of 67908204?
7
What is the ten millions digit of 4315464498?
1
What is the millions digit of 3794400?
3
What is the hundred thousands digit of 97159669?
1
What is the tens digit of 841139021?
2
What is the ten millions digit of 5091125822?
9
What is the units digit of 38377792?
2
What is the ten millions digit of 36743639?
3
What is the ten thousands digit of 263478826?
7
What is the ten millions digit of 106954948?
0
What is the tens digit of 1453662986?
8
What is the millions digit of 37691097?
7
What is the hundreds digit of 200279783?
7
What is the hundred thousands digit of 30968841?
9
What is the hundred thousands digit of 7265942824?
9
What is the millions digit of 35781248?
5
What is the hundred thousands digit of 14333822?
3
What is the hundred millions digit of 626692561?
6
What is the hundreds digit of 63099294?
2
What is the thousands digit of 491034759?
4
What is the ten thousands digit of 72318238?
1
What is the ten thousands digit of 32052763?
5
What is the units digit of 80059053?
3
What is the ten millions digit of 439573464?
3
What is the ten thousands digit of 7260506516?
0
What is the millions digit of 599049974?
9
What is the ten thousands digit of 401127285?
2
What is the units digit of 165246332?
2
What is the tens digit of 93725679?
7
What is the tens digit of 47983352?
5
What is the tens digit of 36397417?
1
What is the hundred thousands digit of 751586198?
5
What is the ten thousands digit of 74653301?
5
What is the billions digit of 3150472058?
3
What is the hundred thousands digit of 5514705531?
7
What is the ten thousands digit of 120805928?
0
What is the millions digit of 1748864293?
8
What is the hundred thousands digit of 292190001?
1
What is the tens digit of 5965089724?
2
What is the millions digit of 52135418?
2
What is the ten thousands digit of 46050664?
5
What is the ten millions digit of 427801036?
2
What is the ten thousands digit of 2894648538?
4
What is the hundred millions digit of 249599369?
2
What is the millions digit of 71769193?
1
What is the hundreds digit of 1963315160?
1
What is the hundreds digit of 3616976021?
0
What is the millions digit of 87626027?
7
What is the tens digit of 347148980?
8
What is the units digit of 380025891?
1
What is the tens digit of 59618207?
0
What is the hundreds digit of 714665968?
9
What is the ten thousands digit of 420188465?
8
What is the tens digit of 366044595?
9
What is the hundred thousands digit of 2436659550?
6
What is the thousands digit of 3853539215?
9
What is the hundreds digit of 267752957?
9
What is the hundred millions digit of 166773946?
1
What is the millions digit of 2722438868?
2
What is the millions digit of 712543224?
2
What is the hundred thousands digit of 10700624?
7
What is the hundred thousands digit of 473039761?
0
What is the ten thousands digit of 54613646?
1
What is the ten millions digit of 385237225?
8
What is the units digit of 3682433479?
9
What is the hundred millions digit of 245659062?
2
What is the tens digit of 93159257?
5
What is the hundred thousands digit of 394567438?
5
What is the thousands digit of 267694262?
4
What is the billions digit of 3013082335?
3
What is the units digit of 2289802997?
7
What is the billions digit of 2364638956?
2
What is the hundred millions digit of 2421793242?
4
What is the units digit of 229868304?
4
What is the thousands digit of 12493698?
3
What is the hundreds digit of 11317052?
0
What is the tens digit of 51456663?
6
What is the tens digit of 161326239?
3
What is the units digit of 4604652210?
0
What is the hundred millions digit of 147100741?
1
What is the tens digit of 365679023?
2
What is the ten millions digit of 1360441207?
6
What is the ten thousands digit of 2060973?
6
What is the thousands digit of 29016098?
6
What is the millions digit of 209431919?
9
What is the hundreds digit of 536310290?
2
What is the ten millions digit of 32962186?
3
What is the millions digit of 467549522?
7
What is the tens digit of 18698868?
6
What is the hundreds digit of 137092046?
0
What is the thousands digit of 528908240?
8
What is the hundred thousands digit of 2021013305?
0
What is the tens digit of 2275222?
2
What is the billions digit of 4537719527?
4
What is the units digit of 1287878152?
2
What is the thousands digit of 207267507?
7
What is the thousands digit of 318691757?
1
What is the tens digit of 142395876?
7
What is the ten thousands digit of 230653801?
5
What is the hundred millions digit of 274594131?
2
What is the millions digit of 2123387613?
3
What is the units digit of 351165476?
6
What is the tens digit of 1891118031?
3
What is the hundred millions digit of 256299180?
2
What is the ten millions digit of 387209398?
8
What is the millions digit of 2498593517?
8
What is the billions digit of 5053325319?
5
What is the billions digit of 2700524314?
2
What is the tens digit of 118564899?
9
What is the millions digit of 302862855?
2
What is the ten millions digit of 681388870?
8
What is the tens digit of 34849772?
7
What is the thousands digit of 87224759?
4
What is the units digit of 867084508?
8
What is the hundred millions digit of 144226620?
1
What is the thousands digit of 205053164?
3
What is the hundred thousands digit of 156899742?
8
What is the millions digit of 10423614?
0
What is the hundred thousands digit of 73643405?
6
What is the tens digit of 2635869578?
7
What is the tens digit of 565337587?
8
What is the hundred millions digit of 111486693?
1
What is the ten millions digit of 155415328?
5
What is the ten thousands digit of 17791158?
9
What is the ten millions digit of 3512894414?
1
What is the millions digit of 1019253382?
9
What is the ten thousands digit of 910135493?
3
What is the thousands digit of 22377264?
7
What is the tens digit of 364892582?
8
What is the ten thousands digit of 341963295?
6
What is the hundred thousands digit of 2329850926?
8
What is the hundred thousands digit of 27659928?
6
What is the tens digit of 7800184?
8
What is the tens digit of 6206932?
3
What is the millions digit of 161318482?
1
What is the ten millions digit of 1248795815?
4
What is the hundreds digit of 341695404?
4
What is the thousands digit of 85615142?
5
What is the hundred thousands digit of 39341514?
3
What is the thousands digit of 31671909?
1
What is the units digit of 184467495?
5
What is the hundred thousands digit of 271152110?
1
What is the thousands digit of 38565109?
5
What is the hundreds digit of 95591258?
2
What is the ten millions digit of 289064756?
8
What is the billi